se 3) to base 8.
-22
What is -b (base 13) in base 10?
-11
Convert -5 (base 7) to base 6.
-5
What is 60 (base 13) in base 11?
71
Convert -100 (base 5) to base 8.
-31
-7 (base 14) to base 9
-7
What is 1010 (base 3) in base 6?
50
What is -45 (base 16) in base 5?
-234
-116 (base 7) to base 9
-68
Convert -1 (base 7) to base 5.
-1
27 (base 8) to base 9
25
e (base 16) to base 12
12
What is 21 (base 8) in base 9?
18
Convert 0 (base 15) to base 2.
0
Convert 1 (base 13) to base 16.
1
2 (base 16) to base 7
2
What is -54 (base 14) in base 16?
-4a
4 (base 14) to base 10
4
What is 0 (base 2) in base 12?
0
-7 (base 15) to base 11
-7
What is 2 (base 6) in base 12?
2
Convert 2 (base 7) to base 16.
2
Convert -11 (base 2) to base 7.
-3
What is 1 (base 3) in base 8?
1
What is 6 (base 9) in base 8?
6
Convert -2 (base 6) to base 11.
-2
1 (base 13) to base 5
1
Convert 2 (base 15) to base 13.
2
What is 0 (base 8) in base 6?
0
What is 92 (base 10) in base 7?
161
What is 5 (base 12) in base 11?
5
What is 3 (base 6) in base 4?
3
121 (base 3) to base 6
24
Convert -16 (base 11) to base 6.
-25
-16 (base 7) to base 11
-12
-20 (base 8) to base 13
-13
What is 46 (base 11) in base 12?
42
Convert 18 (base 10) to base 2.
10010
What is 3 (base 9) in base 16?
3
Convert -1022 (base 3) to base 13.
-29
Convert 53 (base 10) to base 16.
35
Convert 1 (base 8) to base 16.
1
Convert 1 (base 15) to base 14.
1
What is -7 (base 16) in base 2?
-111
-204 (base 7) to base 14
-74
-38 (base 12) to base 10
-44
Convert -127 (base 8) to base 12.
-73
What is -43 (base 13) in base 12?
-47
What is 1 (base 4) in base 8?
1
Convert 4 (base 11) to base 3.
11
Convert -4 (base 11) to base 9.
-4
What is 1 (base 3) in base 7?
1
What is -1 (base 7) in base 9?
-1
What is 4 (base 10) in base 12?
4
Convert 0 (base 5) to base 16.
0
-5 (base 6) to base 15
-5
110101 (base 2) to base 5
203
Convert 3 (base 6) to base 5.
3
54 (base 7) to base 5
124
Convert -3e (base 16) to base 9.
-68
What is -1 (base 2) in base 8?
-1
Convert -10110 (base 2) to base 3.
-211
97 (base 13) to base 9
147
What is -16 (base 11) in base 16?
-11
Convert 3 (base 4) to base 12.
3
Convert 1031 (base 4) to base 10.
77
Convert -132 (base 7) to base 13.
-57
Convert 63 (base 11) to base 7.
126
What is 3e (base 15) in base 4?
323
What is -110 (base 3) in base 14?
-c
Convert 1 (base 14) to base 2.
1
Convert 15 (base 13) to base 4.
102
What is 41 (base 8) in base 16?
21
-22 (base 8) to base 12
-16
-2 (base 5) to base 10
-2
3 (base 11) to base 5
3
What is -3 (base 12) in base 3?
-10
Convert -24 (base 5) to base 8.
-16
Convert -1 (base 11) to base 3.
-1
What is -10 (base 2) in base 14?
-2
3 (base 6) to base 9
3
102 (base 13) to base 3
20100
1223 (base 4) to base 14
79
What is -15 (base 8) in base 10?
-13
-2 (base 5) to base 16
-2
Convert 10 (base 3) to base 16.
3
e (base 15) to base 5
24
Convert 5 (base 8) to base 15.
5
What is -b8 (base 14) in base 7?
-321
-341 (base 9) to base 15
-13a
Convert a (base 14) to base 12.
a
Convert 0 (base 6) to base 5.
0
-30 (base 4) to base 7
-15
Convert 3 (base 10) to base 15.
3
What is 6 (base 11) in base 7?
6
202 (base 3) to base 9
22
What is -23 (base 8) in base 12?
-17
1 (base 16) to base 3
1
2021 (base 3) to base 11
56
-4a (base 12) to base 16
-3a
What is -20 (base 4) in base 13?
-8
24 (base 5) to base 8
16
Convert 102 (base 7) to base 12.
43
Convert -1 (base 3) to base 9.
-1
What is -5 (base 16) in base 9?
-5
What is 19 (base 11) in base 4?
110
What is 1410 (base 5) in base 6?
1022
What is -58 (base 14) in base 16?
-4e
What is 0 (base 11) in base 14?
0
81 (base 16) to base 8
201
What is 11 (base 8) in base 5?
14
What is -165 (base 7) in base 13?
-75
What is -1021 (base 4) in base 13?
-58
Convert 24 (base 5) to base 12.
12
113 (base 4) to base 10
23
-3 (base 10) to base 5
-3
What is 4 (base 12) in base 9?
4
What is 101 (base 2) in base 15?
5
What is 86 (base 11) in base 2?
1011110
2 (base 13) to base 6
2
Convert 3c (base 16) to base 8.
74
What is 1 (base 8) in base 16?
1
What is -1 (base 5) in base 12?
-1
What is -2010 (base 3) in base 9?
-63
What is -13a (base 11) in base 5?
-1124
What is -1 (base 6) in base 2?
-1
18 (base 15) to base 10
23
Convert -4 (base 15) to base 16.
-4
0 (base 12) to base 14
0
What is -14 (base 5) in base 3?
-100
2 (base 4) to base 6
2
What is 23 (base 16) in base 14?
27
-6 (base 12) to base 9
-6
144 (base 16) to base 8
504
What is 53 (base 8) in base 5?
133
Convert 101 (base 2) to base 14.
5
-3 (base 16) to base 7
-3
Convert 112 (base 3) to base 16.
e
Convert -12 (base 4) to base 9.
-6
Convert -12 (base 3) to base 14.
-5
What is 29 (base 13) in base 15?
25
Convert -3 (base 10) to base 13.
-3
-11 (base 2) to base 8
-3
Convert 104 (base 11) to base 13.
98
-2201 (base 4) to base 8
-241
What is -1 (base 10) in base 8?
-1
68 (base 12) to base 14
5a
What is -1d (base 15) in base 8?
-34
What is 2 (base 16) in base 3?
2
11 (base 2) to base 7
3
Convert -13c (base 13) to base 6.
-1004
-1010011 (base 2) to base 7
-146
What is -14 (base 7) in base 14?
-b
Convert 7 (base 16) to base 12.
7
Convert -b (base 13) to base 11.
-10
Convert -10 (base 5) to base 11.
-5
Convert -2 (base 3) to base 2.
-10
0 (base 7) to base 5
0
What is -5 (base 12) in base 4?
-11
-59 (base 10) to base 11
-54
0 (base 10) to base 7
0
Convert 14 (base 11) to base 9.
16
32 (base 9) to base 15
1e
-16 (base 9) to base 14
-11
What is 36 (base 13) in base 3?
1200
Convert 0 (base 14) to base 8.
0
What is -14 (base 14) in base 13?
-15
Convert -85 (base 16) to base 4.
-2011
-92 (base 13) to base 7
-230
What is -6 (base 13) in base 15?
-6
0 (base 6) to base 9
0
Convert 3 (base 11) to base 13.
3
Convert 0 (base 11) to base 12.
0
242 (base 7) to base 15
88
What is -5 (base 6) in base 13?
-5
35 (base 8) to base 15
1e
Convert 11000110 (base 2) to base 11.
170
121 (base 5) to base 8
44
-4 (base 15) to base 7
-4
What is -8 (base 16) in base 2?
-1000
-4 (base 14) to base 5
-4
Convert -6 (base 14) to base 16.
-6
-3 (base 8) to base 16
-3
Convert 15 (base 10) to base 11.
14
Convert 0 (base 14) to base 7.
0
Convert -245 (base 7) to base 12.
-ab
What is -17 (base 8) in base 5?
-30
5 (base 16) to base 7
5
Convert 0 (base 7) to base 6.
0
Convert 6 (base 7) to base 14.
6
-3 (base 10) to base 11
-3
Convert -4 (base 15) to base 10.
-4
-413 (base 5) to base 4
-1230
Convert 4 (base 13) to base 8.
4
Convert -1 (base 15) to base 16.
-1
Convert -1 (base 16) to base 13.
-1
What is e8 (base 16) in base 12?
174
Convert 0 (base 15) to base 2.
0
1 (base 13) to base 12
1
Convert 5 (base 10) to base 3.
12
Convert -10 (base 15) to base 7.
-21
What is 111 (base 8) in base 4?
1021
Convert 4 (base 14) to base 16.
4
What is -1 (base 3) in base 11?
-1
3 (base 7) to base 5
3
Convert -13 (base 6) to base 15.
-9
0 (base 7) to base 16
0
Convert 29 (base 16) to base 4.
221
Convert 0 (base 13) to base 5.
0
What is -11 (base 5) in base 12?
-6
2 (base 12) to base 4
2
Convert -23 (base 4) to base 10.
-11
Convert -3 (base 7) to base 10.
-3
What is -15 (base 16) in base 6?
-33
What is 31 (base 7) in base 16?
16
Convert 37 (base 15) to base 9.
57
Convert 3 (base 10) to base 2.
11
Convert 10 (base 13) to base 9.
14
0 (base 12) to base 10
0
Convert 100 (base 2) to base 10.
4
20 (base 11) to base 7
31
Convert 3 (base 15) to base 10.
3
-3 (base 14) to base 11
-3
What is 145 (base 11) in base 6?
442
What is 1 (base 14) in base 2?
1
Convert -4 (base 7) to base 13.
-4
What is -1203 (base 5) in base 13?
-109
What is 10 (base 14) in base 7?
20
1 (base 11) to base 4
1
-3 (base 4) to base 2
-11
-65 (base 16) to base 15
-6b
What is -242 (base 7) in base 16?
-80
7 (base 12) to base 3
21
Convert 442 (base 5) to base 3.
11112
What is 38 (base 16) in base 9?
62
What is 11200 (base 4) in base 6?
1344
32 (base 9) to base 10
29
8 (base 13) to base 6
12
Convert 12 (base 6) to base 11.
8
-32 (base 4) to base 9
-15
1312 (base 4) to base 16
76
-127 (base 11) to base 15
-a0
Convert -30 (base 10) to base 7.
-42
What is -3 (base 12) in base 3?
-10
Convert 1032 (base 4) to base 12.
66
18 (base 9) to base 8
21
86 (base 11) to base 3
10111
What is 8 (base 14) in base 12?
8
Convert -10222 (base 3) to base 8.
-153
Convert -195 (base 14) to base 7.
-645
-9 (base 10) to base 11
-9
114 (base 5) to base 8
42
Convert -4 